 + 305. What is the remainder when t(-8) is divided by l?
60
Let p(t) = 2*t**3 - 106*t**2 - 108*t + 70. What is the remainder when 3779 is divided by p(54)?
69
Suppose -4*s - 2446 = -3*t, 4*s + 9 - 3261 = -4*t. Calculate the remainder when t is divided by (-2088)/(-4524) - (-300)/26.
10
Suppose 109 = 4*w + 3*x, 51 = 4*w + 2*x - 55. Let j(q) be the first derivative of -15*q**2/2 + 2*q - 4. Calculate the remainder when j(-3) is divided by w.
22
Suppose 2*a - 5672 = 5*q, 5*a + 2*q - 1296 - 12884 = 0. What is the remainder when a is divided by 86?
84
Let n be -13*(0 + 4) - 2. Let p = n - -46. Let b(x) = -x**3 - 8*x**2 - 16*x - 9. Calculate the remainder when b(p) is divided by 20.
19
Suppose 13*z - 228 + 72 = 0. Calculate the remainder when (80/3)/(1/z) is divided by 17.
14
Let u = 6405 - 6092. Calculate the remainder when u is divided by 306.
7
Let n(x) = -2*x + 6. Let k be n(2). Let r(m) = 206*m - 192*m - k - 4. Calculate the remainder when 14 is divided by r(1).
6
Let d be ((-126)/(-49))/(((-60)/392)/(-5)). Suppose 18*c - d = 6*c. Suppose c*a = 4*a + 21. Calculate the remainder when 10 is divided by a.
3
Let h = -5548 - -6025. Calculate the remainder when h is divided by 16.
13
What is the remainder when 1627 is divided by 2/(-96) - 126025/(-1200)?
52
Let f be 1*((-48)/(-112) + (-4)/(-7)). What is the remainder when 28 is divided by 1*104/8*f?
2
Suppose 4*b + 38*i - 37*i = 6137, 3*b + i = 4602. Calculate the remainder when 3073 is divided by b.
3
Suppose -14*u = -5*y - 18*u + 1344, 5*y + 2*u - 1352 = 0. Calculate the remainder when 985 is divided by y.
169
Let c(r) = r**3 - 6*r**2 - 10*r - 21. Let u(l) = -3*l**2 + 32*l - 12. Let w be u(10). Calculate the remainder when c(w) is divided by 10.
7
Let k(w) = 22*w - 134. Let x(l) = -l**3 - 10*l**2 + 4*l + 48. Let u be x(-10). Calculate the remainder when k(u) is divided by 35.
7
Let s(m) = 86*m - 917. Let y(q) = 52*q**2 - 2*q + 1. What is the remainder when y(3) is divided by s(11)?
28
Suppose -15 = -9*m + 10*m. Let h be m/25 + 108/5. Suppose -h*s + 70 = -19*s. Calculate the remainder when s is divided by 9.
8
Let o(v) = 7*v**2 + 156*v + 92. Calculate the remainder when 285 is divided by o(-22).
45
Let j = -135 + 155. Let p(s) = s**3 - 20*s**2 + 34. Calculate the remainder when p(j) is divided by 13.
8
Suppose -41*u - 894 + 903 = -3189. Calculate the remainder when 11463 is divided by u.
75
Let d = 12 + 16. Let x = -67 - -53. Calculate the remainder when (-1128)/x + (-15)/(-35) is divided by d.
25
Let u be (-10)/4*272/(-340). Calculate the remainder when 102 is divided by 88/2 + (3 - u).
12
Let f be ((-120)/(-360))/(290/582*2 + -1). Let b be 2090/(-14) + (-2)/(-7). Let g = f - b. What is the remainder when g is divided by 14?
10
Let f(v) = -v**3 + 18*v**2 - 52*v + 58. What is the remainder when f(14) is divided by 59?
55
Let q(y) = -y**3 - y**2 - 12*y - 161. What is the remainder when 624 is divided by q(-6)?
78
Suppose 0 = 59*f - 30*f - 725. What is the remainder when 72 is divided by f?
22
Suppose -142*q - 53*q + 2574 = 39*q. What is the remainder when 4607 is divided by q?
9
Let s(w) = 4*w**2 + 11*w + 19. Let b = 104 - 95. Suppose b*a - 2*a - 315 = 0. What is the remainder when a is divided by s(-2)?
6
Suppose 8205 = 17*t + 2136. Suppose -t = 61*u - 2187. What is the remainder when 105 is divided by u?
15
Let q = -602 + 617. Suppose s - 3296 = -q*s. Calculate the remainder when s is divided by 35.
31
Let d be (41/(-4))/(2/(-32)). Suppose -c - 3*x = c - d, 4*c + 4*x = 320. Calculate the remainder when c is divided by ((-14)/21)/((-320)/(-162) - 2).
22
Let k(u) = -u**3 - 38*u**2 - 12*u - 434. Let r(y) be the second derivative of -18*y**3 - y**2/2 + y. What is the remainder when r(-1) is divided by k(-38)?
19
Let s be 3/(66/4) + (-1414)/154. Let o be (-30)/135 + (-47)/s. Suppose o*n + 5*b = 104 - 4, 4*n = b + 70. Calculate the remainder when 78 is divided by n.
6
Calculate the remainder when (7 + 1)/(6/1401) is divided by 22.
20
Suppose 19 = 15*n - 11. Suppose -2*u = -n*f - 44, 3*f - 84 = 3*u - 6*u. What is the remainder when 45 is divided by u?
20
Let g = 55 + -23. Suppose 0 = -5*p - g + 42. Suppose 0 = -4*b + 16, -2*b - 28 = -p*f + 10. What is the remainder when 64 is divided by f?
18
Calculate the remainder when 11 + 11/(55/5685) is divided by 569.
10
Calculate the remainder when 658 is divided by -5 - (-2*3 - (7 + 641)).
9
Let o(p) = 162*p - 6057. What is the remainder when o(38) is divided by (7/1)/((-6)/(-18))?
15
Let j = 288 + -236. What is the remainder when 150 is divided by (j/(-4))/(7/(-2) - -3)?
20
Suppose u = -163 + 630. Suppose 0 = 4*o - 25 - u. Calculate the remainder when o is divided by 45.
33
Let v(u) = 70*u**3 - 48*u + 159. What is the remainder when v(3) is divided by 191?
186
Let x be 6/2 + (1323 - 100). Suppose 0 = -29*o + x + 1007. What is the remainder when 142 is divided by o?
65
Let a be (70/7)/5*(-7119)/6. Let o = 3481 + a. Calculate the remainder when o is divided by 37.
35
Suppose -7420 - 1772 = -3*w. Suppose 33*b - w = 1325. Let g = 59 - 32. Calculate the remainder when b is divided by g.
25
Let x = 20 + -9. Let m = 879 - 791. Suppose m*b + 1696 = 120*b. Calculate the remainder when b is divided by x.
9
Suppose -9312 = 16*g - 112*g. Calculate the remainder when g is divided by 17.
12
Suppose -4*y + 658 - 160 = -5*a, 5*y - 3*a = 629. What is the remainder when y is divided by 73?
54
Let r = -115 - -128. Suppose -3*n + 5*n = 230. Suppose 2*c - 7*c = -n. Calculate the remainder when c is divided by r.
10
Let u = 6018 - 4685. What is the remainder when u is divided by 29?
28
Suppose 59 = 2*s + 3*m - 997, 3*m = 18. What is the remainder when s is divided by 75?
69
Suppose -103*t = -99*t - 140. Suppose -37*c = -t*c - 30. What is the remainder when 40 is divided by c?
10
Suppose 2*t + 4*g - 430 = -292, -18 = 3*g. Calculate the remainder when 323 is divided by t.
80
Let f = -15 - -19. Let k be (f - -18)/(1/2). Suppose -k = -0*c - 4*c. What is the remainder when c is divided by 7?
4
Let x(f) = f - 2. Let g be x(14). Let h be 50/g - (-2 + (-52)/(-24)). Suppose -11 - 85 = -h*c. What is the remainder when c is divided by 14?
10
Let z(m) = 13*m + 44. Let n be z(21). Suppose -7*j + 2*y = -5*j - 206, y - n = -3*j. Calculate the remainder when 44 is divided by (8/(-70) + (-30)/j)*-25.
4
Let d(r) = -r**3 - 30*r**2 + 2*r + 79. Let o = -20 - -39. Let k = -13 + o. Calculate the remainder when d(-30) is divided by k.
1
Suppose -4*z - 7*c + 5*c = -54, 0 = 3*c + 3. Let j(k) = -4*k - 2. What is the remainder when j(-4) is divided by z*4/(-28)*-2?
2
Let s(q) = -20*q**3 - 4316*q**2 + 866*q + 496. What is the remainder when s(-216) is divided by 54/((-5)/(-2) + -1)?
28
Let k = 22 - -21. Suppose 602 = 5*z + 3*c, -2*z + 3*c - 118 = -3*z. Calculate the remainder when z is divided by k.
35
Let a = -68 - -121. What is the remainder when -33*(-42)/9 + 12/12 is divided by a?
49
Suppose -3*d - 4*p = -35, 17*d + 2*p + 5 = 20*d. Calculate the remainder when 84 is divided by (d + 2 - 136)/(-3).
41
Let z(g) = -24*g**2 + 7*g - g**3 + 13*g**2 + 5*g**2 - 11 + 11*g**2. Calculate the remainder when 1*(130 + -3) - -2 is divided by z(4).
30
Suppose -268*r + 10845 = -4967. Suppose -f - 868 = -3*q, -2*q = 2*f - 0*f - 592. Calculate the remainder when q is divided by r.
55
Suppose -141*b - 1683 = 150*b - 324*b. Calculate the remainder when 867 is divided by b.
0
Calculate the remainder when (-1134)/(-10) - (-32)/20 is divided by 8.
3
Let k = -68 - -101. Let x = 53 - k. Let h = 35 - x. What is the remainder when h is divided by 6?
3
Let u be (1 - 0) + 11 - (51 + -53). Suppose -2 + 226 = u*q. What is the remainder when 25 is divided by q?
9
Let q(d) = d**2 - 5*d - 3. Let k(s) = -18*s - 23. Let m be k(-1). What is the remainder when q(m) is divided by 17?
13
Calculate the remainder when 3513 is divided by (1/3)/((-35)/(-15960)) - (15 + -16).
147
Suppose -3*f - 73*c + 15 = -74*c, 4*f - 20 = -3*c. Calculate the remainder when 54 is divided by f.
4
Let m(y) = -2*y**2 + 181. Calculate the remainder when 1766 is divided by m(9).
18
Let p = 22 + -2. Let v(w) = -2*w**2 + 14*w - 14. Let b be v(6). Calculate the remainder when (0 + b + 1)*(-74)/2 is divided by p.
17
Suppose 18*j - 3*k = 14*j + 416, 0 = -2*j + 5*k + 208. Calc